/12 + a/3?
False
Suppose 0 = -3*l + 10 + 5. Let g be l + (6/(-3) - -2). Let o = g + -1. Is 3 a factor of o?
False
Let f be (5 - -48)*(1 + 0). Suppose 4*g = -s + 25, 3*s - g = -2*g + f. Is s a multiple of 17?
True
Let f(h) = -4 + 1 + 2*h**3 - 13 - 3*h**3 - 5*h - 12*h**2. Is f(-12) a multiple of 22?
True
Let i(a) = 2*a**3 - 3*a**2 + a - 4. Let v be i(4). Suppose -2*u = -3*g - 35, -g + v = 3*u - 0*g. Does 8 divide u?
False
Let r(g) = 1 + 20*g + 13*g - 3. Let s be r(2). Suppose -f = 3*f - s. Does 16 divide f?
True
Let u(m) = 3*m**2 - 7*m + 13. Is u(-4) a multiple of 17?
False
Let k(q) be the third derivative of 0*q**4 + 1/10*q**6 + 0 + q**2 + 0*q + 1/30*q**5 - 1/6*q**3. Does 13 divide k(1)?
True
Let x(h) = h**3 - 8*h**2 + 16. Does 4 divide x(8)?
True
Suppose 2*t = -b + 129, -2*b = 4*t - 6*b - 228. Let g = t + -43. Does 8 divide g?
False
Let k(q) be the second derivative of -q**5/20 + 7*q**4/6 - 5*q**3/3 - 6*q**2 + 2*q. Does 9 divide k(13)?
True
Let x(f) = 4*f - 22. Is x(7) even?
True
Let z = 7 + -4. Let l(d) = -d**3 + 4*d**2 - d - 2. Let j be l(z). Suppose j*w - 11 = 49. Is 7 a factor of w?
False
Does 12 divide 1 + (-1 - -2) + 102?
False
Is 8 a factor of (-14)/(-1)*2 + -2?
False
Let c be (-24)/18*(-39)/2. Suppose -c = a - 3*a - 5*u, 20 = a - u. Suppose -w = w - a. Is 9 a factor of w?
True
Let s = -20 + 27. Let m(g) = g**2 - 6*g + 15. Does 22 divide m(s)?
True
Suppose 3*z - z - 40 = 0. Is z a multiple of 20?
True
Let f(p) = 3*p**2 - 2*p + 1. Let a(n) = n + 8. Let c be a(-7). Let w be f(c). Suppose -2*v + 38 = -4*r, 29 + 20 = 3*v + w*r. Is 6 a factor of v?
False
Let d = -88 - -175. Is d a multiple of 6?
False
Let l(f) = -2*f + 47. Let x(h) = -h + 24. Let r(y) = 3*l(y) - 5*x(y). Suppose -4 = -2*n - 2*p + 16, 40 = 4*n - 4*p. Does 11 divide r(n)?
True
Let j(u) = -29*u**3 + u**2 + u + 1. Let v = 20 - 21. Does 15 divide j(v)?
True
Let v be -2 + 32 + (-1 - 1). Suppose 10 = -q + v. Suppose i = -3*i + 5*o + q, -6 = -2*i + 4*o. Is 6 a factor of i?
False
Let k(f) = -f + 5. Let v be k(3). Let d = 5 - v. Does 9 divide (d/(-1))/(-1) + 15?
True
Let l(k) = -k + 2*k - 6 + 2*k. Suppose -5*u - 6 - 1 = -2*c, -3*c + 22 = 4*u. Is l(c) a multiple of 6?
True
Let w be 6/(-2)*(-1 - 0). Let x be -2 + 0 + (-2 - -6). Suppose w*k + x*k - 170 = 0. Does 17 divide k?
True
Let a(d) = 40*d**2 + 1. Let k be a(1). Suppose -5*t - k - 44 = -4*u, 0 = -3*u + 5*t + 60. Is 15 a factor of u?
False
Let l = -3 - -5. Suppose -p = -0 - l. Suppose -2*v + p*t + 12 = 0, -3*t - 2 = -4*t. Is 4 a factor of v?
True
Let q(r) = 23*r**2 + 2*r. Let l(g) = -g - 11*g**2 + 2 - 2. Let z(p) = 7*l(p) + 4*q(p). Does 13 divide z(1)?
False
Let z be 7/(-21)*(0 - 12). Let n = -7 + z. Let x(h) = h**2 - h + 2. Does 9 divide x(n)?
False
Let v = -5 - -10. Suppose -y = -0*y - v. Is 4 a factor of y?
False
Let r(y) = y**3 - 19*y**2 + 23*y + 40. Is r(18) a multiple of 10?
True
Let i(y) be the second derivative of -y**3/3 + 7*y**2/2 - y. Does 17 divide i(-5)?
True
Let x(z) = 1 - z**2 + z - 2 + 3*z. Let o be x(4). Does 14 divide (4/(-5))/(o/35)?
True
Let k(q) = 0 + 3 + q**3 - 2*q + 9*q - 8*q**2. Is k(7) a multiple of 2?
False
Suppose -2*r + 5*q = 14, 2*q = 2*r - 1 + 3. Suppose -r*n - 3*u = -5*n + 31, 0 = -3*n + u + 29. Does 8 divide n?
True
Let v(y) = y - 8. Is 3 a factor of v(14)?
True
Suppose 7 = -b + 15. Is b a multiple of 4?
True
Let j = 16 + 29. Is j a multiple of 15?
True
Let l(z) = z**3 - 5*z**2 + 3*z + 5. Let i be l(4). Suppose -i = 4*t - 25. Suppose -2*g = 3*b - 54, g + 2*b = t*g - 116. Is g a multiple of 10?
False
Let t be 4*(-1)/((-8)/22). Let a(f) = 2*f - 16. Is a(t) even?
True
Let a(c) = -10*c - 30. Does 9 divide a(-5)?
False
Suppose -236 = 4*g - 2*k, -k - 80 = -3*g - 255. Let c = g + 95. Does 11 divide c?
False
Let d = -2 + 10. Suppose 0 = 3*q - 7 - d. Suppose 2*b - 4*b - 30 = -q*x, 36 = 2*x + 4*b. Is 8 a factor of x?
True
Suppose -2*r - d = -0*r - 150, r - d - 78 = 0. Is 19 a factor of r?
True
Let z(b) = -7*b**3 + b**2 + b + 1. Is z(-1) even?
True
Let s = -22 + 22. Suppose j + 166 = 5*f - 119, 4*f + 2*j - 228 = s. Is 25 a factor of f?
False
Let n be (-3 + 26/3)*6. Is 5 a factor of -3*n/6*-1?
False
Suppose -3*p = 15 - 3, -3*p = g - 120. Is 11 a factor of g?
True
Suppose -6*y + 5*y + 18 = 0. Suppose 62 = 3*g - 34. Let p = g - y. Does 8 divide p?
False
Let p(a) = -a**2 - 7*a - 6. Let y be p(-5). Suppose -4*w + 8 = 2*k - y*k, -2*w - 5*k = -28. Is w a multiple of 2?
True
Let k(x) = x**2 + 4 - 1 + 6*x + 0*x. Let g be k(-6). Suppose 5*n - g*n - 52 = 0. Is n a multiple of 13?
True
Let d be (-290)/14 + 8/(-28). Let v be ((-36)/14)/((-3)/d). Let f = -13 - v. Is 2 a factor of f?
False
Suppose 3*x + 2*x = -20. Suppose 3*n + 0*c - 1884 = 3*c, 10 = 5*c. Is 9 a factor of 1/x + n/24?
False
Let l = 215 + -55. Is 11 a factor of l?
False
Suppose 0 = 4*l + l, -5*l - 640 = -4*h. Is 16 a factor of h?
True
Is (-65)/(-15)*-3*-2 a multiple of 5?
False
Suppose -3*a + 4*v + 758 = -0*a, 0 = a + 2*v - 246. Does 50 divide a?
True
Let q = -4 + 10. Let c = q - 14. Let n(r) = r**3 + 9*r**2 + 3*r. Does 20 divide n(c)?
True
Suppose 30 = -0*j + 2*j + 4*r, -5*j - 5*r = -50. Suppose 4*w + 16 = 3*t - 0*t, j*w = 2*t - 13. Is t a multiple of 3?
False
Is 11 a factor of (44/24)/(3/18)?
True
Let s = 14 + 3. Is 8 a factor of s?
False
Let l(b) = b**3 + b + 127. Does 27 divide l(0)?
False
Let q = 2 + -2. Suppose 3*u + 18 = 3*p, -2 = -p - u - 0. Suppose -5*a + 5*f = q, -5*a = -p*f - 0*f - 5. Is a even?
False
Let i be (-4)/(3/((-9)/6)). Let w(n) = -7*n + i*n - 2 + n**3 - n**2 + 4*n**2. Is w(-4) even?
True
Let v(m) = -1 + 2 - 12 + 11*m. Is v(5) a multiple of 11?
True
Suppose 204 = -2*n + 8*n. Is 12 a factor of n?
False
Let v(k) = -k**3 - 3*k**2 + 3*k. Let g be v(-3). Let i(h) = -h**3 - 10*h**2 - 11*h - 10. Is 6 a factor of i(g)?
False
Is 38 a factor of (-1 - -44)*(-5 - -12) - 3?
False
Let k(o) = -29*o + 2. Let l be k(1). Let d = l - -63. Is d a multiple of 12?
True
Let d be (3 + -5)*-1*7. Does 16 divide 248/d - (-2)/7?
False
Let b(m) = -m**3 + 8*m**2 - 3*m - 6. Let x = -8 + 15. Does 11 divide b(x)?
True
Let f(d) = -11*d**3 + 13*d**2 + 2*d + 12. Let w(g) = 7*g**3 - 9*g**2 - g - 8. Let o(n) = -5*f(n) - 8*w(n). Suppose 4*x = -0 + 24. Is 14 a factor of o(x)?
True
Suppose 56 + 52 = 2*w. Is w a multiple of 26?
False
Suppose r - 2 - 2 = 0. Suppose 607 = 4*m + f, 2*m - 135 = -3*f + 176. Suppose 0 = -r*h + m - 31. Is h a multiple of 15?
True
Does 16 divide (296/4 - -1)*1?
False
Suppose 244 = 5*z - 2*a, -3*a - 102 = z - 3*z. Is z a multiple of 12?
True
Let j(l) = -l + 6. Let k be j(0). Suppose 40 = -2*q + k*q. Does 4 divide q?
False
Suppose -10 = -8*m + 3*m. Is 12 a factor of ((-1)/m)/(10/(-460))?
False
Suppose y + 3*r = 72, -2*y + 3*r + 276 = y. Is 32 a factor of y?
False
Let d(c) = c**2 + 3*c - 1. Let j be d(-4). Suppose j*g + 12 = -0*g, g - 68 = -4*a. Is 17 a factor of a?
False
Let q be (-233)/(-7) + (-2)/7. Let c = -7 + q. Does 13 divide c?
True
Let h = -6 - -8. Suppose -3*s + 4*c + 272 = s, -4*s = 3*c - 265. Suppose -o + s = 3*k - 0*o, 2 = h*o. Does 11 divide k?
True
Let x be -4*(-2)/8*2. Does 11 divide ((-130)/(-40))/(x/8)?
False
Let j(v) = 39*v**3 - 5*v**2 - 7*v - 9. Let h(s) = 19*s**3 - 3*s**2 - 4*s - 5. Let w(u) = 7*h(u) - 4*j(u). Is w(-1) a multiple of 23?
True
Let g(j) = j**2 - 8*j + 4. Suppose 2*t + 36 = 6*t - 4*z, 45 = 5*t - z. Let u be g(t). Suppose 0*r - u = -5*d - 3*r, 3*r = -4*d + 8. Is d a multiple of 5?
True
Let d(z) = -5*z + 2. Let f be 3/(-9) + (-44)/12. Is d(f) a multiple of 9?
False
Suppose 0 = 5*a - 115 - 45. Does 5 divide a?
False
Suppose 5*z = 356 + 54. Suppose -2*y + f - 88 = -3, z = -2*y - 2*f. Let w = y - -78. Is 12 a factor of w?
True
Let b(g) = g**3 - 5*g**2 + 4*g + 2. Let y be b(2). Is 3 - (y + -5) - -3 a multiple of 7?
False
Let y(x) = x**3 + 2*x**2 + x + 1. Let h be y(-2). Is 13 a factor of ((-2)/2)/h + 13?
False
Suppose m - 2*p - 110 = 0, 2*m + 0*m + 2*p = 250. Is m a multiple of 28?
False
Let l = -381 - -196. Let c = 261 + l. Suppose -r - c = -3*r. Is r a multiple of 15?
False
Let u be 1 + (3/1 - -4). Let i(w) = -w**3 + 8*w**2 - w + 10. Is 2 a factor of i(u)?
True
Let b(u) be the second derivative of -u**3/3 - 3*u**2/2 - 4*u. Does 5 divide b(-8)?
False
Let s(t) be the second derivative of -13*t**3/2 - t. Does 16 divide s(-1)?
Fals